{"id":20,"date":"2015-03-31T13:37:33","date_gmt":"2015-03-31T13:37:33","guid":{"rendered":"http:\/\/alexander-tekniikka.fi\/?page_id=20"},"modified":"2019-08-28T14:09:07","modified_gmt":"2019-08-28T12:09:07","slug":"yhteystiedot","status":"publish","type":"page","link":"https:\/\/alexander-tekniikka.fi\/?page_id=20","title":{"rendered":"Yhteystiedot"},"content":{"rendered":"<p><strong>Jyri Lamminm\u00e4ki<\/strong><img loading=\"lazy\" decoding=\"async\" class=\"wp-image-53 alignright\" src=\"http:\/\/alexander-tekniikka.fi\/wp-content\/uploads\/2015\/10\/omakuva.gif\" alt=\"omakuva\" width=\"100\" height=\"141\" \/><\/p>\n<ul>\n<li>Opettanut Alexander-tekniikkaa vuodesta 1999.<\/li>\n<li>Opiskellut opettajaksi Society of Teacher of the Alexander Techniquen (STAT) hyv\u00e4ksym\u00e4ss\u00e4 kolmivuotisessa koulutuksessa 1997-1999.<\/li>\n<\/ul>\n<p>Muu koulutus ja osaaminen:<\/p>\n<ul>\n<li>Valmistunut s\u00e4hk\u00f6tekniikan diplomi-insin\u00f6\u00f6riksi 1998<\/li>\n<li>Harjoitellut ja opiskellut eri it\u00e4maisia kamppailulajeja vuodesta 1987.<\/li>\n<\/ul>\n<p><strong>Vastaanotto:<\/strong><\/p>\n<p>Oppiva keho -studio<strong><br \/>\n<\/strong>Nilsi\u00e4nkatu 10A, 5 krs.<br \/>\nHelsinki<\/p>\n<p>Varaa aika ottamalla yhteytt\u00e4 minuun.<\/p>\n<p>s\u00e4hk\u00f6posti: jyri@alexander-tekniikka.fi<br \/>\npuhelin: \u00a0050 4804075<\/p>\n<h5><\/h5>\n<h5><\/h5>\n","protected":false},"excerpt":{"rendered":"<p>Jyri Lamminm\u00e4ki Opettanut Alexander-tekniikkaa vuodesta 1999. Opiskellut opettajaksi Society of Teacher of the Alexander Techniquen (STAT) hyv\u00e4ksym\u00e4ss\u00e4 kolmivuotisessa koulutuksessa 1997-1999. Muu koulutus ja osaaminen: Valmistunut s\u00e4hk\u00f6tekniikan diplomi-insin\u00f6\u00f6riksi 1998 Harjoitellut ja opiskellut eri it\u00e4maisia kamppailulajeja vuodesta 1987. Vastaanotto: Oppiva keho -studio Nilsi\u00e4nkatu 10A, 5 krs. Helsinki Varaa aika ottamalla yhteytt\u00e4 minuun. s\u00e4hk\u00f6posti: jyri@alexander-tekniikka.fi puhelin: \u00a0050 4804075<\/p>\n","protected":false},"author":1,"featured_media":0,"parent":0,"menu_order":0,"comment_status":"closed","ping_status":"closed","template":"","meta":{"footnotes":""},"_links":{"self":[{"href":"https:\/\/alexander-tekniikka.fi\/index.php?rest_route=\/wp\/v2\/pages\/20"}],"collection":[{"href":"https:\/\/alexander-tekniikka.fi\/index.php?rest_route=\/wp\/v2\/pages"}],"about":[{"href":"https:\/\/alexander-tekniikka.fi\/index.php?rest_route=\/wp\/v2\/types\/page"}],"author":[{"embeddable":true,"href":"https:\/\/alexander-tekniikka.fi\/index.php?rest_route=\/wp\/v2\/users\/1"}],"replies":[{"embeddable":true,"href":"https:\/\/alexander-tekniikka.fi\/index.php?rest_route=%2Fwp%2Fv2%2Fcomments&post=20"}],"version-history":[{"count":14,"href":"https:\/\/alexander-tekniikka.fi\/index.php?rest_route=\/wp\/v2\/pages\/20\/revisions"}],"predecessor-version":[{"id":158,"href":"https:\/\/alexander-tekniikka.fi\/index.php?rest_route=\/wp\/v2\/pages\/20\/revisions\/158"}],"wp:attachment":[{"href":"https:\/\/alexander-tekniikka.fi\/index.php?rest_route=%2Fwp%2Fv2%2Fmedia&parent=20"}],"curies":[{"name":"wp","href":"https:\/\/api.w.org\/{rel}","templated":true}]}}