{"id":124,"date":"2017-03-24T23:20:06","date_gmt":"2017-03-24T21:20:06","guid":{"rendered":"http:\/\/alexander-tekniikka.fi\/?page_id=124"},"modified":"2022-04-20T21:22:48","modified_gmt":"2022-04-20T19:22:48","slug":"kurssit","status":"publish","type":"page","link":"https:\/\/alexander-tekniikka.fi\/?page_id=124","title":{"rendered":"Kurssit"},"content":{"rendered":"<p>Ei kursseja tarjolla t\u00e4ll\u00e4 hetkell\u00e4.<\/p>\n","protected":false},"excerpt":{"rendered":"<p>Ei kursseja tarjolla t\u00e4ll\u00e4 hetkell\u00e4.<\/p>\n","protected":false},"author":1,"featured_media":0,"parent":0,"menu_order":0,"comment_status":"closed","ping_status":"closed","template":"","meta":{"footnotes":""},"_links":{"self":[{"href":"https:\/\/alexander-tekniikka.fi\/index.php?rest_route=\/wp\/v2\/pages\/124"}],"collection":[{"href":"https:\/\/alexander-tekniikka.fi\/index.php?rest_route=\/wp\/v2\/pages"}],"about":[{"href":"https:\/\/alexander-tekniikka.fi\/index.php?rest_route=\/wp\/v2\/types\/page"}],"author":[{"embeddable":true,"href":"https:\/\/alexander-tekniikka.fi\/index.php?rest_route=\/wp\/v2\/users\/1"}],"replies":[{"embeddable":true,"href":"https:\/\/alexander-tekniikka.fi\/index.php?rest_route=%2Fwp%2Fv2%2Fcomments&post=124"}],"version-history":[{"count":21,"href":"https:\/\/alexander-tekniikka.fi\/index.php?rest_route=\/wp\/v2\/pages\/124\/revisions"}],"predecessor-version":[{"id":166,"href":"https:\/\/alexander-tekniikka.fi\/index.php?rest_route=\/wp\/v2\/pages\/124\/revisions\/166"}],"wp:attachment":[{"href":"https:\/\/alexander-tekniikka.fi\/index.php?rest_route=%2Fwp%2Fv2%2Fmedia&parent=124"}],"curies":[{"name":"wp","href":"https:\/\/api.w.org\/{rel}","templated":true}]}}